 -2*b - 8. Suppose -b*q - 4*w + 7*w = -9, 3*q = 3*w + 15. Suppose 231 = q*l - 3*l. Is l composite?
True
Let v be -1*37 - (14 - 10). Let a = 244 + v. Is a composite?
True
Let u(p) = -2*p**3 - 9*p**2 + 5*p - 3. Let h be u(-7). Suppose -4*t + t - 354 = 0. Let s = h + t. Is s composite?
False
Suppose 7*z = -4*v + 2*z + 36, 0 = -z + 4. Suppose 0 + 20 = v*f. Suppose y - 4*y - 3*d + 387 = 0, y = f*d + 117. Is y a composite number?
False
Let d(s) = 4*s**2 - 4*s - 11. Let t(w) = -w**2 + w - 1. Let x(m) = d(m) + 2*t(m). Is x(9) a composite number?
False
Let c = -8 + 4. Let q(v) = 36*v**2 - 5. Is q(c) a prime number?
True
Let n = 48 - 45. Suppose 3*t + 4*b - 121 = -0, n*t - 116 = b. Is t prime?
False
Is -221457*((-114)/18 + 6) a prime number?
True
Suppose 0 = -4*x + 39 - 11. Let f(i) = 2*i**2 - 11*i + 16. Is f(x) a composite number?
False
Let m = 856 + -549. Is m a composite number?
False
Suppose -8*w + 11*w = 3*f - 18087, 0 = -2*w. Is f composite?
False
Suppose 5*d - 35955 - 16690 = 0. Is d composite?
False
Let r(v) = -2*v**3 + v**2 + 2*v. Let g be r(-3). Let y(z) = -14*z + g*z + 19*z + 9*z. Is y(5) composite?
True
Let v = 49 + -52. Let g(d) = 33*d**2 - d - 13. Is g(v) composite?
True
Suppose 2 = 4*x + 2*m + m, -x = -5*m - 12. Suppose 0 = -z - 3*z - o + 219, z - x*o - 57 = 0. Let f = z - -38. Is f a prime number?
False
Suppose 2*w = -0*w - 5*c + 33, 2*c + 78 = 4*w. Let s be (w - 5)/(2/5). Is (-1011)/(-15) + (-14)/s prime?
True
Suppose -7*o + 5664 = 1884. Let t = o - 121. Is t prime?
True
Let r(n) = n**3 + 6*n**2 - 4*n + 12. Is r(-5) a prime number?
False
Let u = 1 + -4. Let k = u + 5. Suppose 0 = 2*s + k*p - 64, 0*p + 62 = 2*s + 3*p. Is s a composite number?
True
Suppose -25*z + 21*z + 16 = 0. Suppose 0 = z*h + 40 - 180. Is h a prime number?
False
Suppose -2*b - 3 = -7. Suppose -d = -2*d + 7. Suppose 155 = b*t + d. Is t composite?
True
Suppose -160874 - 267241 = -3*j. Is j prime?
False
Suppose 0 = -2*z - 0*z + 4886. Suppose 4*r - 1953 - z = 0. Is r a composite number?
True
Let y(q) = -79*q**3 - q**2 - 19*q - 37. Let b be y(-4). Suppose -4*k = 5*x - 36, x - 2*k - 3*k + 16 = 0. Suppose x*g - b = g. Is g prime?
True
Let k(w) = -1885*w + 52. Is k(-15) composite?
True
Suppose 0 = 20*s + 735 - 51355. Is s a prime number?
True
Let n(l) = l**2 + 7*l - 2. Let s be ((-8)/3)/((-2)/3). Suppose 11 = -o - s*v, 5*o + 3*v - 5 = -2*v. Is n(o) a composite number?
True
Let i = 13 + -10. Let u(v) = 17*v**2 - 23*v**2 + 4*v + 6 + 4*v**3 - v**i. Is u(5) a prime number?
True
Suppose -6 + 12 = 3*r. Suppose -r*w - 2101 = 3*o - 7*w, 2*w = 2*o + 1402. Let h = o + 1121. Is h a prime number?
True
Let q = 22 + -26. Let w be (-12)/q - (2 - 262). Suppose 2*a + 3*i - 90 = 0, 6*a - a - 2*i = w. Is a a composite number?
True
Let u = -2 + 1. Let b = u + 71. Suppose -4*c = 4*l - 68, -3*l + 6*l = -4*c + b. Is c a prime number?
True
Let k be 26/(-91) + 4/14. Suppose -3 - 5 = -4*c - 4*d, -2*d = k. Suppose 449 + 825 = 2*a + 4*o, -2530 = -4*a - c*o. Is a a prime number?
True
Suppose z = 3*z + 2054. Let y = z + 1994. Is y a composite number?
False
Let q = 187866 - 131479. Is q a prime number?
False
Let o(s) = -s**2 - 7*s + 4. Let b be (-42)/(-28)*(-28)/6. Let t be o(b). Suppose -4*k + 0*k = x - 1554, -4*k - t*x + 1548 = 0. Is k a composite number?
False
Let z = 32224 - 19775. Is z prime?
False
Let k = 52095 - 28706. Is k a prime number?
False
Let a = 976 + -279. Is a a composite number?
True
Suppose 5*k = 5*b - 4*b + 25, 0 = 4*k + 2*b - 6. Suppose k*c - 6 = 2. Suppose 3*a - 1453 = c*g, 2*g = 4 + 4. Is a a composite number?
False
Let l(b) = -b**3 - 34*b**2 - 34*b + 139. Is l(-35) a composite number?
True
Let s be 4/(-8)*4*3/2. Let c = -20 - -14. Is (-4)/s - 6574/c prime?
True
Let b be 1 + 0 - -1 - (7 + -5). Suppose 5*q - u - 1713 + 400 = b, 2*u = q - 259. Is q a prime number?
True
Is (16/64)/(1/225652) a composite number?
True
Let b(s) be the third derivative of s**5/60 - s**4/24 + 2*s**3/3 + 4*s**2. Let p be b(0). Suppose -328 - 516 = -p*t. Is t a prime number?
True
Suppose -5*q + 5 = -2*f - f, 4*f - 2*q = 12. Let c(l) = -l**2 + 3*l - 2. Let a be c(2). Suppose a*o = 4*o - f*p - 1268, -o + 4*p + 317 = 0. Is o prime?
True
Let f(m) = -294*m - 3. Let q(c) = 293*c + 3. Let z(s) = 3*f(s) + 4*q(s). Is z(2) prime?
False
Suppose -2*r = w - 4*r + 2, -3*w - 2*r + 18 = 0. Let d be (-7962)/21 - w/(-28). Let m = -237 - d. Is m prime?
False
Let s be (-56)/(-21)*3/2. Let i be 1/2*s - -2. Is (1/i)/(1/652) a prime number?
True
Let r(h) = -4*h**2 - 21*h - 19. Let l(y) = -2*y**2 - 11*y - 9. Let m(p) = 11*l(p) - 6*r(p). Is m(-14) a composite number?
False
Suppose -26*k + 22716 + 33938 = 0. Is k a composite number?
False
Let z(a) = 2*a**3 + 2*a**2 - 9*a + 22. Is z(9) prime?
False
Let m be 11 - (0 + 0)/(-2). Let r(s) be the third derivative of s**6/120 - s**5/6 + s**3 - 6*s**2. Is r(m) composite?
False
Let j(r) = 126*r**3 - 4*r**2 + 2*r - 43. Is j(6) a composite number?
True
Suppose 4 - 8 = 4*m - 5*t, 2*m = -3*t + 20. Suppose -w - 4*c + 22 = 0, -m*w + c = -3*c + 12. Suppose -141 = -w*n + 529. Is n a composite number?
True
Let j(r) be the first derivative of 79*r**3/3 - 7*r**2/2 - r + 20. Is j(5) prime?
False
Is ((-15)/9)/((-1)/159) composite?
True
Suppose -2*g - 11 = 5. Let z(t) = t**2 + 9*t + 12. Let c be z(g). Let u(j) = -j**3 + 9*j**2 + 2*j - 5. Is u(c) composite?
False
Let j(t) = 848*t - 19. Let w(u) = 1272*u - 28. Let z(v) = 8*j(v) - 5*w(v). Let h be z(6). Is 4/((-16)/h)*-1 composite?
True
Is (5779*5/(-5))/(0 - 1) a prime number?
True
Let g be -1 - (1 + (-20)/(-2)). Is (-221)/(-3) - 4/g prime?
False
Let z = 2988 + -1690. Suppose 0 = 2*r - 0*r + 1634. Let g = r + z. Is g a prime number?
False
Suppose -14771 - 1091 = -22*s. Is s a prime number?
False
Suppose 21 = -m - 2*m. Let k(q) = -24*q**2 + 9*q - 13 + 19*q**2 - 7*q**3 - 3*q + 6*q**3. Is k(m) a prime number?
True
Suppose 5*h - 8 - 32 = 0. Let c be (-1)/(2 - 18/h). Suppose a = 4*a + 12, -2*y - c*a + 22 = 0. Is y a composite number?
False
Let u(w) = 52*w + 3. Let r be ((-8)/1)/(3/((-9)/6)). Is u(r) a composite number?
False
Suppose 4153 = 16*j + 937. Is j a composite number?
True
Suppose 4*j + 9071 = n, -2*n = -3*j - 1133 - 5669. Let w = j + 4373. Is w composite?
True
Suppose -4*u + 6892 + 6616 = 0. Suppose -8*s + u = 3*s. Is s a prime number?
True
Suppose -9*t = -24909 + 762. Is t a prime number?
True
Suppose -8 = -g + 3*f - 0*f, 3*f - 8 = -g. Suppose -5309 = -5*o - m, -4*m + g = -8. Is o prime?
True
Let v(s) = 6*s - 7. Let z be v(-12). Let f = z + 1082. Is f a composite number?
True
Let c be (2/(-3))/(9989/(-1998) - -5). Let a = 3263 + c. Is a a prime number?
True
Let l(v) = 8*v**2 + 13*v + 10. Let q be l(-7). Let m = q + -126. Is m composite?
True
Let f(v) = -513*v - 184. Is f(-7) composite?
False
Let a be (-2)/3*-3*2. Suppose 4*l - 16 = -g, a*l = 2*l + g + 2. Suppose 5*n = 5*q - 410, 123 + 102 = l*q + 4*n. Is q prime?
True
Let q(h) = 152*h**2 - 11*h + 80. Is q(7) a prime number?
True
Let l(v) = 757*v + 8. Let y be l(5). Suppose -4*p - b + 8660 = 0, -y = 4*p - 3*b - 12453. Is p composite?
True
Let q be ((-12)/8)/((-9)/12). Let p(w) = 9*w**2 - 4*w + 1. Let b(i) = i**2 - i + 1. Let k(g) = -2*b(g) + p(g). Is k(q) prime?
True
Suppose -998164 = -19*j + 68667. Is j composite?
False
Let d(x) = x**3 + 18*x**2 - 7*x - 29. Suppose -9*y - 28 = -7*y. Is d(y) a prime number?
True
Suppose -1 = -f - 5*v, 9 + 19 = 5*f + 2*v. Let c(g) = 2*g**3 + 8*g**2 + 6*g - 13. Is c(f) a prime number?
True
Let a(n) = 5*n**2 + 20*n - 31. Is a(-22) a composite number?
False
Suppose 0*v = -2*v + 2*k + 198, 0 = 3*v - 5*k - 295. Suppose 3*s - 8*s = -5*w - 4790, -2*w + 4 = 0. Suppose 4*n = -v + s. Is n a prime number?
False
Suppose 5*b + 35 = -5*s, 0 = 4*s - b - 3*b - 4. Let c(q) = -46*q**3 + 3*q**2 + 2*q - 2. Is c(s) a prime number?
False
Let r(k) be the first derivative of -11*k**4/4 + k**3/3 - 9*k**2/2 - 3*k - 21. Is r(-4) a composite number?
True
Let q(z) = 15358*z - 13. Is q(2) a composite number?
False
Let f = -108110 + 184443. Is f a prime number?
True
Let g(p) = -6*p**2 - 1 + 4*p**3 - 8 - p**3 - 4*p**3. Is g(-8) a composite number?
True
Suppose m - 32 = -0*m. Suppose a = 1 - 14. Let d = m + a. Is d a composite number?
False
Let f(s) = 14*s**3 - 37*s**2 - 10*s + 25. Is f(14) prime?
Fals